o base 11.
10
1ad (base 14) to base 11
298
-121 (base 3) to base 10
-16
What is b (base 16) in base 14?
b
Convert 11110111 (base 2) to base 16.
f7
-21 (base 3) to base 6
-11
What is 35 (base 10) in base 9?
38
-110 (base 2) to base 5
-11
-10100 (base 2) to base 8
-24
232 (base 5) to base 11
61
-65 (base 11) to base 13
-56
What is 4 (base 15) in base 5?
4
-13 (base 12) to base 13
-12
Convert 4 (base 16) to base 7.
4
Convert -23 (base 11) to base 13.
-1c
Convert -18 (base 12) to base 4.
-110
Convert 30 (base 7) to base 13.
18
Convert 10 (base 5) to base 6.
5
3 (base 12) to base 4
3
What is -230 (base 4) in base 9?
-48
Convert -222 (base 7) to base 13.
-8a
Convert 276 (base 11) to base 13.
1c0
168 (base 10) to base 13
cc
What is 0 (base 16) in base 12?
0
-5d (base 15) to base 4
-1120
Convert 124 (base 5) to base 15.
29
What is 6 (base 13) in base 7?
6
What is -21 (base 6) in base 9?
-14
Convert 6 (base 14) to base 10.
6
-49 (base 10) to base 6
-121
What is -1 (base 4) in base 5?
-1
What is 78 (base 15) in base 2?
1110001
What is -8 (base 13) in base 16?
-8
What is -8 (base 11) in base 10?
-8
What is 240 (base 9) in base 14?
102
What is 6 (base 10) in base 8?
6
What is 4 (base 5) in base 6?
4
Convert 1 (base 11) to base 10.
1
Convert 16 (base 8) to base 12.
12
What is 0 (base 13) in base 12?
0
Convert 2 (base 12) to base 7.
2
Convert 3 (base 11) to base 5.
3
Convert 9 (base 10) to base 16.
9
Convert 4 (base 11) to base 9.
4
Convert 1010000 (base 2) to base 13.
62
What is 0 (base 2) in base 13?
0
-2 (base 5) to base 2
-10
Convert 110 (base 2) to base 9.
6
Convert 4 (base 11) to base 5.
4
Convert 9 (base 10) to base 11.
9
Convert -5 (base 13) to base 9.
-5
What is -28 (base 10) in base 3?
-1001
-34 (base 6) to base 11
-20
Convert 1a (base 11) to base 6.
33
110 (base 8) to base 11
66
-2121 (base 3) to base 7
-130
Convert -121 (base 5) to base 16.
-24
What is 4 (base 10) in base 2?
100
What is 3 (base 14) in base 2?
11
What is -1 (base 9) in base 16?
-1
Convert 5 (base 14) to base 7.
5
102 (base 4) to base 16
12
What is -31 (base 9) in base 8?
-34
Convert 35 (base 8) to base 4.
131
What is 7 (base 12) in base 5?
12
-25 (base 11) to base 13
-21
Convert 15 (base 15) to base 14.
16
-7 (base 9) to base 12
-7
What is 1013 (base 4) in base 5?
241
Convert 8 (base 11) to base 10.
8
5 (base 8) to base 12
5
What is -5e (base 16) in base 7?
-163
What is -3 (base 16) in base 12?
-3
What is -9 (base 12) in base 3?
-100
What is 324 (base 9) in base 15?
12a
Convert 2 (base 12) to base 16.
2
3 (base 4) to base 10
3
Convert -110 (base 3) to base 7.
-15
What is 8 (base 12) in base 10?
8
What is 3 (base 9) in base 2?
11
Convert 2 (base 4) to base 7.
2
Convert 57 (base 10) to base 16.
39
What is -3 (base 11) in base 8?
-3
44 (base 10) to base 8
54
-b (base 12) to base 9
-12
12 (base 5) to base 4
13
20 (base 9) to base 16
12
29 (base 15) to base 10
39
Convert 5 (base 10) to base 4.
11
99 (base 10) to base 6
243
What is -8 (base 15) in base 7?
-11
What is -4 (base 5) in base 2?
-100
Convert -4 (base 12) to base 5.
-4
What is 0 (base 14) in base 15?
0
118 (base 11) to base 16
8c
-7 (base 15) to base 11
-7
222 (base 3) to base 4
122
4 (base 8) to base 15
4
27 (base 14) to base 2
100011
What is 10000 (base 2) in base 9?
17
Convert 121 (base 3) to base 15.
11
Convert 302 (base 4) to base 5.
200
What is -43 (base 5) in base 6?
-35
Convert -100012 (base 3) to base 16.
-f8
0 (base 9) to base 11
0
What is -9 (base 15) in base 8?
-11
What is 82 (base 12) in base 14?
70
Convert 12 (base 13) to base 3.
120
-3010 (base 4) to base 7
-400
What is 19 (base 16) in base 10?
25
11 (base 3) to base 10
4
24 (base 8) to base 9
22
What is 3 (base 8) in base 16?
3
Convert 66 (base 7) to base 13.
39
What is 10 (base 2) in base 16?
2
Convert 5 (base 11) to base 5.
10
-4 (base 5) to base 9
-4
What is 45 (base 16) in base 10?
69
Convert -1 (base 4) to base 13.
-1
Convert -12 (base 8) to base 4.
-22
What is 2 (base 13) in base 3?
2
Convert -220 (base 5) to base 8.
-74
Convert 2a (base 14) to base 11.
35
Convert -66 (base 10) to base 11.
-60
Convert -102 (base 7) to base 8.
-63
1012 (base 3) to base 12
28
Convert 1112 (base 3) to base 7.
56
What is 24 (base 10) in base 3?
220
Convert 2b (base 14) to base 7.
54
Convert -25 (base 15) to base 16.
-23
6 (base 12) to base 9
6
Convert 1c (base 16) to base 7.
40
What is 21 (base 4) in base 13?
9
Convert 87 (base 11) to base 16.
5f
What is -8 (base 12) in base 2?
-1000
-a5 (base 16) to base 15
-b0
What is 2 (base 10) in base 13?
2
22 (base 12) to base 15
1b
50 (base 12) to base 13
48
What is -c (base 14) in base 12?
-10
What is 10302 (base 4) in base 5?
2211
-1a (base 16) to base 4
-122
12 (base 4) to base 15
6
What is 0 (base 8) in base 15?
0
-202 (base 7) to base 3
-10201
What is -17 (base 16) in base 15?
-18
2 (base 6) to base 16
2
Convert 3 (base 10) to base 5.
3
1022 (base 4) to base 8
112
What is -41 (base 8) in base 16?
-21
Convert 3 (base 9) to base 10.
3
-1b (base 13) to base 8
-30
11 (base 4) to base 2
101
130 (base 12) to base 2
10110100
What is 22 (base 6) in base 7?
20
What is -23 (base 13) in base 16?
-1d
228 (base 10) to base 3
22110
What is 3 (base 9) in base 12?
3
5 (base 7) to base 4
11
What is -21 (base 3) in base 12?
-7
What is -1 (base 16) in base 2?
-1
What is 111 (base 2) in base 12?
7
16 (base 7) to base 12
11
What is 130 (base 4) in base 14?
20
What is 34 (base 15) in base 12?
41
What is -23 (base 6) in base 8?
-17
-144 (base 5) to base 11
-45
Convert -30 (base 8) to base 6.
-40
-68 (base 15) to base 16
-62
What is -11c (base 14) in base 9?
-266
What is 9 (base 12) in base 3?
100
What is 15 (base 7) in base 13?
c
4 (base 9) to base 3
11
101001 (base 2) to base 3
1112
What is -2 (base 7) in base 4?
-2
Convert -3 (base 4) to base 15.
-3
1 (base 7) to base 9
1
Convert -34 (base 11) to base 2.
-100101
407 (base 8) to base 6
1115
-5 (base 8) to base 14
-5
Convert 26 (base 11) to base 7.
40
Convert 120 (base 4) to base 12.
20
What is -28 (base 11) in base 8?
-36
-5 (base 7) to base 8
-5
15 (base 14) to base 6
31
Convert -25 (base 6) to base 11.
-16
-51 (base 9) to base 16
-2e
1022 (base 3) to base 12
2b
-2 (base 10) to base 16
-2
-2210 (base 4) to base 16
-a4
-4 (base 13) to base 10
-4
What is 402 (base 6) in base 9?
172
-b2 (base 12) to base 9
-158
What is -4 (base 14) in base 2?
-100
Convert -a (base 13) to base 11.
-a
What is 9 (base 11) in base 4?
21
Convert -2 (base 13) to base 12.
-2
Convert 110 (base 4) to base 10.
20
151 (base 12) to base 5
1310
15 (base 13) to base 12
16
1002 (base 3) to base 13
23
Convert 54 (base 14) to base 5.
244
Convert -40 (base 5) to base 3.
-202
1 (base 4) to base 7
1
-25 (base 7) to base 15
-14
12 (base 4) to base 16
6
What is -15 (base 8) in base 3?
-111
Convert -22011 (base 3) to base 14.
-11a
Convert -402 (base 6) to base 5.
-1041
-36 (base 9) to base 4
-201
What is 9 (base 14) in base 5?
14
Convert 23 (base 7) to base 9.
18
What is -100110001 (base 2) in base 12?
-215
-62 (base 9) to base 10
-56
Convert 33 (base 9) to base 10.
30
2 (base 8) to base 12
2
Convert 88 (base 15) to base 10.
128
14 (base 6) to base 16
a
-3 (base 7) to base 2
-11
Convert -112 (base 3) to base 11.
-13
37 (base 10) to base 9
41
Convert 1 (base 7) to base 4.
1
-10 (base 8) to base 10
-8
Convert -2 (base 13) to base 15.
-2
27 (base 11) to base 16
1d
2 (base 16) to base 13
2
Convert -2 (base 6) to base 2.
-10
What is -10 (base 11) in base 9?
-12
What is 1 (base 13) in base 15?
1
Convert 207 (base 11) to base 15.
119
Convert 11 (base 15) to base 8.
20
Convert 4 (base 7) to base 15.
4
What is 101 (base 13) in base 4?
2222
What is -7 (base 15) in base 13?
-7
Convert 17 (base 9) to base 7.
22
1101 (base 2) to base 3
111
-6 (base 8) to base 9
-6
What is -53 (base 16) in base 7?
-146
160 (base 12) to base 4
3120
Convert -22001 (base 3) to base 14.
-117
What is 101 (base 2) in base 11?
5
-20 (base 14) to base 12
-24
-24 (base 16) to base 12
-30
Convert -10 (base 2) to base 15.
-2
What is -12 (base 5) in base 10?
-7
-4 (base 8) to base 7
-4
-6 (base 8) to base 7
-6
Convert 12 (base 11) to base 16.
d
Convert -21 (base 4) to base 13.
-9
Convert 27 (base 13) to base 6.
53
-10 (base 3) to base 11
-3
What is 40 (base 9) in base 3?
1100
a9 